e highest common divisor of 43476447 and 147.
21
Calculate the highest common divisor of 4712365 and 1715.
35
What is the greatest common divisor of 10 and 369329920?
10
Calculate the greatest common divisor of 117 and 30463380.
9
Calculate the highest common divisor of 26207832 and 10023.
771
Calculate the highest common divisor of 10395 and 6162156.
2079
What is the greatest common factor of 2066 and 26179319?
1033
What is the greatest common factor of 3350835 and 615?
15
What is the greatest common divisor of 64 and 3747608?
8
Calculate the highest common factor of 176 and 24392.
8
Calculate the highest common factor of 1550315 and 231251.
1037
What is the highest common divisor of 17904 and 118?
2
Calculate the highest common divisor of 478522358 and 170.
34
Calculate the highest common divisor of 116 and 97020.
4
Calculate the greatest common factor of 683347 and 1271.
41
What is the highest common factor of 78232 and 256410?
154
What is the highest common factor of 1696 and 2598908?
212
What is the greatest common divisor of 901488263 and 9854?
4927
Calculate the greatest common factor of 530378 and 7210640.
1042
What is the highest common factor of 206 and 68589142?
206
What is the highest common factor of 647506441 and 4547?
4547
Calculate the highest common divisor of 72 and 218032568.
8
Calculate the greatest common divisor of 24210 and 14415.
15
Calculate the greatest common factor of 64075 and 3379199.
233
What is the greatest common factor of 3165 and 3312700?
1055
What is the greatest common divisor of 10908 and 661550?
202
Calculate the highest common divisor of 24736 and 2176.
32
What is the highest common factor of 55596 and 26445?
123
What is the greatest common divisor of 25263 and 675?
9
What is the greatest common divisor of 2195019 and 1485?
27
Calculate the highest common divisor of 1511240538 and 213.
213
Calculate the greatest common divisor of 25245710 and 14.
14
What is the highest common factor of 18 and 1653108894?
18
What is the highest common factor of 2600564 and 61364?
2116
What is the greatest common factor of 99 and 9189631?
11
Calculate the highest common factor of 41422 and 10532030.
278
Calculate the highest common factor of 23475 and 268867.
313
What is the greatest common divisor of 918113 and 245?
49
Calculate the highest common factor of 968824 and 16309.
347
What is the highest common divisor of 46 and 50776410?
46
What is the highest common divisor of 3665 and 21090609?
733
What is the highest common divisor of 417811242 and 186?
186
Calculate the greatest common factor of 7067925 and 185.
185
What is the highest common divisor of 148 and 974654?
74
Calculate the greatest common factor of 5496515 and 145.
145
What is the highest common divisor of 8 and 66361?
1
What is the highest common divisor of 1968 and 263113236?
492
Calculate the greatest common factor of 7584 and 13760220.
948
Calculate the greatest common divisor of 3703481 and 2756.
53
Calculate the greatest common factor of 6162555 and 4515.
105
What is the highest common divisor of 255794937 and 207?
69
Calculate the highest common factor of 68700 and 39390.
30
Calculate the greatest common divisor of 24947 and 20066983.
1919
What is the greatest common factor of 861838 and 3942?
146
Calculate the greatest common factor of 623133 and 144.
9
What is the highest common divisor of 21054213 and 184203?
1899
Calculate the greatest common factor of 37322849 and 16213.
523
What is the greatest common divisor of 60836 and 118267?
227
What is the greatest common divisor of 2477115 and 2160?
135
Calculate the greatest common divisor of 2427 and 112625744.
809
What is the highest common divisor of 342657 and 49539?
147
Calculate the highest common factor of 10986222 and 488.
122
What is the greatest common factor of 534296 and 819163?
1363
What is the highest common factor of 41708752 and 8023?
113
Calculate the greatest common factor of 626780 and 3387868.
1628
What is the highest common factor of 33740910 and 66885?
5145
What is the greatest common factor of 5917023 and 84?
21
Calculate the highest common factor of 361863952 and 16.
16
What is the highest common divisor of 366 and 311043?
3
What is the greatest common factor of 698700 and 2700?
300
What is the highest common factor of 18324 and 479478?
3054
What is the highest common divisor of 368056 and 37232?
104
What is the highest common divisor of 2535351 and 7215?
1443
Calculate the highest common factor of 20760059 and 155713.
5023
What is the greatest common divisor of 164335464 and 1136?
568
Calculate the greatest common factor of 34692 and 1088668.
1652
What is the greatest common divisor of 5341536 and 355666?
2182
What is the greatest common factor of 16530750 and 96255?
4185
What is the highest common factor of 151912 and 5320?
8
What is the greatest common factor of 989 and 77859799?
43
Calculate the highest common factor of 533869 and 23.
1
What is the highest common factor of 27841833 and 28539?
4077
Calculate the greatest common divisor of 89816 and 194456.
872
Calculate the greatest common factor of 238230997 and 373.
373
What is the greatest common factor of 52073 and 64715?
301
What is the highest common factor of 12164920 and 1?
1
Calculate the highest common factor of 14310 and 123312450.
1590
Calculate the greatest common divisor of 2370 and 963390.
30
Calculate the highest common divisor of 2304 and 29529216.
1152
What is the highest common factor of 16208793 and 1359?
1359
What is the greatest common divisor of 72416 and 1306092?
124
Calculate the highest common factor of 4769294 and 12.
2
Calculate the highest common divisor of 69773 and 53642751.
6343
What is the greatest common factor of 25449 and 138074?
17
Calculate the highest common factor of 351 and 6504444.
9
Calculate the highest common factor of 14 and 163277926.
14
What is the greatest common divisor of 4185 and 7096275?
135
Calculate the highest common factor of 14676 and 19428.
12
What is the greatest common factor of 20407856 and 257?
257
Calculate the highest common factor of 347851 and 132277.
31
What is the greatest common divisor of 27295056 and 6480?
1296
Calculate the greatest common factor of 26962914 and 726.
726
What is the highest common divisor of 1270 and 19117056?
254
What is the highest common factor of 2519 and 55264?
11
What is the highest common factor of 7515 and 94815?
45
What is the greatest common factor of 6336 and 55995456?
2112
Calculate the greatest common divisor of 715924 and 1518132.
2332
Calculate the highest common divisor of 55042414 and 70.
14
Calculate the highest common divisor of 1444 and 13688683.
19
What is the highest common factor of 198306661 and 2779?
2779
What is the highest common factor of 2701921 and 461?
461
Calculate the highest common factor of 27429136 and 28.
28
What is the greatest common divisor of 1275 and 555059520?
255
What is the highest common factor of 7992 and 10624032?
2664
Calculate the greatest common factor of 17244337 and 22.
11
Calculate the highest common divisor of 24 and 22978068.
12
What is the greatest common factor of 930 and 26508255?
465
Calculate the greatest common divisor of 4594423 and 691133.
3581
What is the greatest common divisor of 95945 and 401605?
155
Calculate the highest common divisor of 4181 and 5064547.
113
What is the highest common divisor of 4 and 79564708?
4
Calculate the highest common divisor of 7392 and 244497.
33
Calculate the greatest common divisor of 312175500 and 29250.
9750
Calculate the greatest common divisor of 642 and 318660231.
321
Calculate the highest common divisor of 176 and 1156048.
16
Calculate the highest common divisor of 2324614305 and 10970.
5485
What is the greatest common divisor of 3330 and 5227110?
90
What is the highest common divisor of 4200 and 225240?
120
What is the greatest common divisor of 239 and 498462?
1
What is the greatest common divisor of 7008 and 4717698?
438
Calculate the highest common factor of 743647 and 232.
29
Calculate the greatest common divisor of 1675 and 2285875.
25
Calculate the greatest common divisor of 14043 and 1797969.
93
What is the greatest common divisor of 30235489 and 83?
83
What is the greatest common divisor of 1806 and 27433742?
602
Calculate t